= 5*q - p. Give o(q).
-7
Let l(j) be the first derivative of -3*j**2/2 + 140. What is l(-1)?
3
Let l(s) be the second derivative of s**4/12 - 4*s**3/3 - 7*s**2/2 + 57*s. Give l(7).
-14
Let t(s) be the third derivative of 1/3*s**3 + 0 + 5/24*s**4 + 1/60*s**5 + 0*s - 21*s**2. Determine t(-3).
-4
Let l(s) be the third derivative of s**9/60480 - s**8/2880 + s**7/1008 - s**6/720 + s**5/15 - 9*s**2. Let y(d) be the third derivative of l(d). Determine y(6).
-7
Suppose -5*i = 3*w + 16, -17 = w - 0*i + 4*i. Let n(k) = 0 - 28*k + 22*k + 1. Calculate n(w).
-17
Let c(w) be the second derivative of -1/20*w**5 - 1/6*w**3 + 0 - 1/2*w**2 + 15*w - 1/6*w**4. Let g = -1 - 0. Calculate c(g).
-1
Let o(s) be the third derivative of -s**5/60 + s**4/8 + 13*s**3/6 + 128*s**2. Give o(6).
-5
Let g(t) = 4*t**2 + 3*t + 2. Let f = 256 - 259. Give g(f).
29
Let f(i) = 3*i + 2. Let n be f(0). Let v(t) = 5 - 17*t**2 + 16*t**n + 3 - 5*t - 3. Calculate v(-7).
-9
Let l(f) = -2*f**3 - f**2 + 3*f + 10. Let v(w) = 3*w**3 + w**2 - 4*w - 10. Let i(g) = 4*l(g) + 3*v(g). Calculate i(0).
10
Let z(f) = -2*f**2 + 20*f + 16. Let r be z(9). Suppose 2 - 27 = 5*s. Let t be 51/r - s/2. Let a(v) = -v**2 + 5*v - 3. Calculate a(t).
1
Let o(a) be the second derivative of a**8/6720 - a**7/315 + a**6/90 - a**5/30 - 11*a**4/12 + 2*a. Let q(k) be the third derivative of o(k). Determine q(7).
3
Suppose 0 = -l - 0*l - 5*d + 14, 4*d = 12. Let n = l - 1. Let w(x) = -5*x. Calculate w(n).
10
Let p be (-1 + 1 - 2) + -1. Let k(v) = 17*v - 1. Let f(y) = -166*y + 12. Let i(d) = f(d) + 10*k(d). What is i(p)?
-10
Let n(w) = 2*w**2 - 8*w - 5. Let z(k) = 3*k**2 - 12*k - 8. Let i(y) = 7*n(y) - 5*z(y). Calculate i(4).
5
Let t(b) = b + 35. Let i be t(0). Suppose -5*s = 2*s + i. Let x(u) = u**2 + 3*u - 6. Calculate x(s).
4
Let t(j) = -j**3 - 12*j**2 - 2*j + 15. Suppose 22*x + 100 + 164 = 0. What is t(x)?
39
Let z(f) = f. Let d(x) = 4*x**2 - 5*x - 1. Let c(r) = -d(r) - 6*z(r). Let l(v) = -3*v**2 - 2*v. Let j(p) = 2*c(p) - 3*l(p). Suppose 8*y = 3*y - 25. Give j(y).
7
Let a(n) = n**2 - 6*n - 14. Let d be a(8). Let z(y) = -1 - 51*y - 4*y**2 + 5*y**d + 59*y. Determine z(-7).
-8
Let g(c) = -c + 20. Suppose 49 = 6*h - 35. Give g(h).
6
Let u(j) be the second derivative of j**3/6 + 10*j**2 + j - 319. What is u(-12)?
8
Let s(c) = c - 48. Let g(a) = -2*a + 71. Let w(j) = -5*g(j) - 8*s(j). Determine w(-17).
-5
Let v(q) = q**3 + 12*q**2 + 11*q. Let o be v(-11). Suppose -3*p - 26 + 77 = o. Let z = -12 + p. Let b(y) = -y**2 + 6*y + 2. Determine b(z).
7
Let r(q) be the third derivative of 0 + 0*q - 1/3*q**3 - 1/20*q**5 + 9*q**2 + 1/6*q**4. Determine r(3).
-17
Let s = -2080 + 2073. Let p(g) = -g**3 - 6*g**2 + 6*g - 16. Determine p(s).
-9
Suppose -5 = -8*j + 59. Let x(u) be the third derivative of 1/60*u**5 + 1/24*u**6 - 1/24*u**4 + 0*u + j*u**2 + 0*u**3 + 0. Give x(1).
5
Let p(q) = -q**3 - 11*q**2 - 12*q - 8. Suppose 66*c = 49*c - 170. Give p(c).
12
Let t(a) = 31*a + 1 - 66*a + 41*a. Give t(2).
13
Suppose -2*u - 4 = -3*o + o, -2*o = 4*u - 4. Let l(p) = -8*p**2 - 7*p - 17. Let c(t) = -17*t**2 - 16*t - 38. Let v(g) = 4*c(g) - 9*l(g). Calculate v(o).
15
Let i(h) = h**3 - 5*h**2 + 3. Let l = -351 - -356. Give i(l).
3
Let g be -2*(85/2)/(-17). Let h(k) be the first derivative of -1 - 3*k**2 + 5*k + 1/3*k**3. What is h(g)?
0
Let n(s) = 88*s + 12. Let i(q) = 31*q + 4. Let b(c) = -17*i(c) + 6*n(c). Calculate b(0).
4
Suppose -5 = q + 2*y, 5*q = -0*y + 2*y - 37. Let j(n) = -6 - 9*n - 35*n**2 + 3 + 23*n**2 + 11*n**2 + 1. Calculate j(q).
12
Let l be 6/(-2) + (10 - -3). Suppose 4*s = -2 + l. Let v(t) = 3 + 2*t**2 - 5*t - 6*t**s + 5*t**3 - t**3 - 3*t**3. Give v(5).
3
Let j(u) = u**3 + 4*u**2 + u + 2. Suppose 3*k + g + 7 = 0, -2*k + 15 = -7*k - g. Calculate j(k).
-2
Let d(n) = -7357*n**2 - 3*n + 2 - 1 + 1 + 7358*n**2 + 1. Determine d(4).
7
Let u(b) = -128 + b**3 + 375 - 125 + 6*b - 128 + 7*b**2. What is u(-6)?
-6
Suppose 0 = -4*i + 6*i - 12. Let c(v) = -i - 3 + 3*v**2 + 5 - 4*v**2. Calculate c(3).
-13
Let k(p) = 3*p - 42. Let a be k(15). Let z(i) = 7*i**2 - 2*i**2 + 2*i + 533*i**3 - 532*i**a + 3. Suppose 0 = 2*h + 7 + 3. Calculate z(h).
-7
Let w(t) = 19*t**3 + 16*t**2 - 30*t - 3. Let m(z) = 7*z**3 + 5*z**2 - 10*z - 1. Let u(s) = -11*m(s) + 4*w(s). What is u(7)?
27
Let w(u) = u**3 - 5*u**2 + 7*u - 5. Suppose -5*d = -4*x - 4, -x + 0*x - d + 8 = 0. Suppose -21 + 5 = -x*l - 3*s, s = 0. Give w(l).
7
Let m(s) = -9*s**3 - 13*s**2 - 3*s + 6. Let k(o) = 2*o**3 + o - 4. Let f(h) = -5*k(h) - m(h). What is f(13)?
-12
Suppose q + 3 = -2*q. Let h(b) = 21*b**2 - 22*b + 14. Let o(u) = -5*u**2 + 5*u - 3. Let m(s) = 2*h(s) + 9*o(s). Give m(q).
-3
Let k(m) = -m**3 + 6*m**2 - 10*m + 21. Let o be k(5). Let r(i) = -i**2 - 7*i - 3. Give r(o).
9
Let h(p) = -p**2 + 12*p + 18. Suppose -46*l = -55*l + 117. Give h(l).
5
Let g(p) be the first derivative of -p**4/12 + 2*p**2 - 23*p + 8. Let l(d) be the first derivative of g(d). Give l(0).
4
Let x(a) be the first derivative of a**2/2 + 2*a + 6. Let w(b) = -1. Let k(j) = 2*w(j) - x(j). Let y be (3/(-6))/(2/12). Give k(y).
-1
Let p(d) = -d - 1. Let u(t) = 7*t + 11. Let v be (-1)/4*12/3. Let o(g) = v*u(g) - 3*p(g). Calculate o(-6).
16
Let u(r) = -r**3 - 10*r**2 + r + 9. Let d be u(-10). Let k(c) = 65*c - 45. Let x(o) = -3*o + 2. Let h(i) = -2*k(i) - 45*x(i). Give h(d).
-5
Suppose 0 = 5*o - 0*o + 10, 5*j - 4*o = 13. Let f be -6*(-2 - (j - 2)). Let s(i) = i**2 + 0 - f*i**2 - 4*i - i**3 - 2. Determine s(-4).
-2
Let x be 430/55 + (-2)/(-11). Suppose v = -v + x. Suppose -d = -0*d - 3*g - 5, 31 = -v*d - 5*g. Let o(n) = n**2 - 5. Give o(d).
11
Let y be ((-47)/94)/(-2 - -1). Let m(p) be the first derivative of -y*p**2 - 4/3*p**3 - p - 1. Give m(-2).
-15
Let d(n) = -n**3 + n**2 - n - 7. Let m(l) = l**2 + l - 30. Let q be m(-6). Determine d(q).
-7
Let y(a) = -a**3 - 4*a**2 + 4*a + 5. Let z(w) be the first derivative of w**4/4 - 3*w**3 - 4*w + 2. Let q be z(9). Determine y(q).
-11
Let n(b) be the third derivative of -b**5/60 + 11*b**4/24 - 2*b**3/3 - 16*b**2 - 1. Let a(y) = y**2 - 10*y + 3. Let r(m) = 6*a(m) + 5*n(m). Give r(7).
12
Let z(a) be the third derivative of a**6/120 + a**5/15 - a**4/6 + 7*a**3/6 + 13*a**2 - a. Give z(-5).
2
Let u(s) = -4*s**3 - 24*s**2. Let q(n) = -3*n**3 - 16*n**2 + n - 1. Let o(g) = 3*q(g) - 2*u(g). Suppose b + 0*j = j - 2, -2*b - 4*j + 20 = 0. Determine o(b).
-5
Let l(r) be the second derivative of 5*r**4/12 - r**3/6 + 83*r. Calculate l(1).
4
Let d(l) = l**3 - 5*l**2 - 2*l - 1. Let b be -1*2*(-8 - -7). Suppose b*o - o - 5 = 0. What is d(o)?
-11
Let p = -705 + 704. Let r(d) be the second derivative of -11*d**4/6 - d**3/3 - d**2/2 - 3*d. What is r(p)?
-21
Let m(v) be the third derivative of -v**5/60 - v**4/8 + 5*v**3/3 - 2*v**2. Let j be m(-5). Let q(w) = -w**3 - w**2 + 7. What is q(j)?
7
Let n(h) be the first derivative of -h**2/2 + h - 1. Let x = -9822 + 9816. Calculate n(x).
7
Let i be 30/(5/((-15)/(-2))). Let u be 20/9 + (-10)/i. Let q(k) = 12 + u*k**3 - 7*k**2 - 10 + 7*k - k**3. What is q(5)?
-13
Let u(l) = l + 13. Suppose -5*h + m - 15 = 0, -3*h - 6 = 3*m + 3. What is u(h)?
10
Suppose -2*f + 17 = z + f, 5*z + f - 29 = 0. Let a(m) be the second derivative of -m**3/3 - 24*m. Give a(z).
-10
Suppose 4*h = -3*h + 14. Let r(z) = 39*z - 27. Let o(a) = 3*a - 2. Let n(c) = h*r(c) - 27*o(c). Suppose v = 3*v - 4. Give n(v).
-6
Let i(q) = -q**2 + 38*q - 364. Let t be i(20). Let k(z) = -z**2 + 2*z + 4. Calculate k(t).
-20
Suppose -523*o - 34 = -540*o. Let r(d) be the first derivative of 2/3*d**3 + 3 + d + 1/2*d**o - 1/2*d**4. What is r(2)?
-5
Let t(o) be the third derivative of 27*o**2 + 0 + 0*o - 1/24*o**4 - 2/3*o**3. Determine t(0).
-4
Let c(o) = -o**3 + 8*o**2 - o + 6. Suppose 0 = -5*z + 19 + 21. Determine c(z).
-2
Let x(p) = 7*p + 122 - 4*p - 126. Suppose i - 4 = -l, -8 = -2*i - 2*l + 3*l. Calculate x(i).
8
Suppose 41*f - 704 = 129*f. Let z(h) = -h**3 - 9*h**2 - 3*h + 11. Calculate z(f).
-29
Let n(q) be the second derivative of -q**3/3 - 3*q**2/2 + q. Let v be n(1). Let o(j) = 2*j + 5. What is o(v)?
-5
Let q(u) = -u**2 + 4*u - 5. Suppose 3*r + 1 = 3*t + 4*r, -4*t - 3*r = 7. Suppose 5*f - 31 = 2*o, t*f + 8 = 3*f - o. Give q(f).
-10
Let f(t) be the third derivative of t**4/12 - t**3 - 110*t**2. Suppose w + 10 = 3*w. C